). Suppose w = 9*s - 8*s + 6. Calculate r(s).
10
Let g(n) be the third derivative of n**5/30 + n**4/8 - 2*n**3/3 - 17*n**2. Let b be 9/2*12/(-18). What is g(b)?
5
Let t(w) = w + 3. Let z(o) = 2*o + 0 + 2 - 3*o. Let x(b) = -b**2 + 7*b + 26. Let q be x(-3). Let a be z(q). Determine t(a).
9
Let w(o) = 5*o**3 + 11*o**2 + 13. Let n(d) be the first derivative of d**4/2 + 2*d**3 + 7*d + 47. Let r(q) = -11*n(q) + 6*w(q). Determine r(-1).
-7
Let q(p) be the first derivative of p**3/3 + 2*p**2 + 3. Let s(j) = -3*j**2 - 13*j. Let g(t) = -8*q(t) - 3*s(t). Calculate g(-6).
-6
Let d(s) = -s + 2. Suppose -2 = -b + 3*t - 1, 2*b - 5*t = -1. Let c(p) = -p**2 - 4*p + 26. Let h be c(b). Calculate d(h).
8
Suppose 7*t = 41 - 27. Let p(s) = 4*s**2 - t*s**2 + 6 - s**3 - 2*s + 5*s**2 + s. Determine p(7).
-1
Suppose 7*l - 48 = 3*l. Let r = l - 17. Let h(s) = -5*s + 26. Let t(i) = -2*i + 9. Let q(y) = -3*h(y) + 8*t(y). Give q(r).
-1
Let w(z) = z**2 - 12*z + 6. Let h be w(12). Suppose 4*q = c - h, -5*c - q + 2 = 14. Let m(g) = -g**3 - 2*g**2 - g - 2. Determine m(c).
0
Let i = 55 - 29. Let x = 34 - i. Let n(c) be the second derivative of c**4/12 - 4*c**3/3 + c**2 - 6*c. What is n(x)?
2
Let h be 60/(-55)*(-33)/6. Let l(w) = -8*w + 19. Calculate l(h).
-29
Let b(k) be the first derivative of -k**6/360 - k**5/20 - k**4/12 + 4*k**3 - 6. Let s(o) be the third derivative of b(o). Give s(-6).
-2
Let q(f) = -40 + f + 45 - 5*f + 3*f. Give q(-6).
11
Let r(g) be the second derivative of 1/60*g**5 + 1/6*g**3 + 3*g**2 - 2*g + 0*g**4 + 0. Let w(o) be the first derivative of r(o). What is w(1)?
2
Let d(n) = -n**2 + 12*n - 10. Let m(a) = -2*a**2 + 24*a - 17. Let h(c) = -9*d(c) + 4*m(c). What is h(10)?
2
Let r(z) = 164*z - 3 - 341*z + 186*z - z**2. Determine r(8).
5
Let b(l) = -4*l - 14. Suppose 3*w - w = -2*v - 20, 0 = -2*v - 5*w - 35. Let y be b(v). Let h(n) = n**3 - 7*n**2 + 7*n - 3. Determine h(y).
3
Let q(a) be the third derivative of 1/24*a**4 + 2/3*a**3 + 0 + 0*a + a**2. Give q(0).
4
Let g(m) be the second derivative of m**7/252 + m**6/720 + m**5/120 + 5*m**4/2 - 31*m. Let q(k) be the third derivative of g(k). Let y = -3 + 2. Calculate q(y).
10
Let a(d) = -d**2 + 4*d + 8. Let s = -102 + 150. Let t = -42 + s. What is a(t)?
-4
Suppose 0 = -2*a + 5*a - 9. Let k(i) = -5*i + a*i - i. Suppose 0 = -5*q + 10, 0*g + 2*g + 2 = -q. Calculate k(g).
6
Let d(o) = 8*o**2. Suppose 2*a - 2*f - 68 = 0, 4 = -2*f - 4. Suppose -6*b + b + a = 0. Let h(y) = -y**2 + 5*y + 5. Let t be h(b). Give d(t).
8
Let n(o) = 17 - 3 - 14 + 6*o - 2. What is n(2)?
10
Let i(r) = 0*r - 3 - 3*r - r**2 + 9 - 1. Let c be (-8)/52 + 25*(-8)/52. Determine i(c).
1
Let x(h) = h**3 + h - 3 + 6 + 0*h**3. Let k(s) be the second derivative of -s**5/20 - 3*s**4/2 - 17*s**3/6 - 34*s. Let c be k(-17). What is x(c)?
3
Let i(f) = 3*f**3 + 4*f**2 - 6*f - 9. Let a be i(-2). Let h(k) be the second derivative of -k + 3/2*k**2 - 1/20*k**5 + 0*k**3 - 5/12*k**4 + 0. Calculate h(a).
3
Let t(v) = -v - 9. Let g = -665 + 672. Give t(g).
-16
Let u(z) = 13 - 98*z + z**3 + 186*z - 6*z**2 - 5 - 84*z - z**2. Let p = 2 - -4. Calculate u(p).
-4
Let l be 1*-6*50/30. Let n(u) = 4*u + 12. Give n(l).
-28
Let a(l) = -3*l**2 + 38*l - 16. Let o(r) = -r**2 + 13*r - 7. Let b(y) = 2*a(y) - 7*o(y). What is b(12)?
-19
Let k(h) be the first derivative of 10 + 2*h - 1/2*h**2 - 5/3*h**3. Let v(u) = 4*u**2 - 2. Let n(x) = -2*k(x) - 3*v(x). Give n(-2).
-10
Let y be (2/(-4))/(((-31)/(-12))/31). Let l(v) = v**3 + 5*v**2 - 5*v + 6. Give l(y).
0
Suppose l = -5*b, 18 = 2*l - 4*b + 4. Let f(d) = 13 - 5*d - 2*d**2 + 3*d**2 + 4*d - 8. Let s(x) = -x**2 - 5. Let h(w) = -5*f(w) - 4*s(w). Calculate h(l).
-5
Let v be 34/(-6) + 2/3. Let g = 42 - 39. Let i(q) = 0*q**g - q**3 + 881*q - 5*q**2 - 880*q. Give i(v).
-5
Let n(g) = -2*g**3 - g**2 + g + 1. Let s(l) = -3*l**2 + 2*l + 1. Let c be s(4). Let a = -40 - c. Calculate n(a).
1
Suppose -24*q = -30*q - 36. Let z(g) be the second derivative of g**5/120 + g**4/12 + g**3/6 + g. Let b(a) be the second derivative of z(a). Calculate b(q).
-4
Let s(c) = -c - 6. Let g(u) = -7*u**2 + 9*u + 21. Let n(v) = -6*v**2 + 10*v + 21. Let x(d) = 5*g(d) - 6*n(d). Let y be x(16). Give s(y).
-1
Let k(t) = -t**3 - 35*t**2 + 31*t - 178. Let x be k(-36). Let q(m) = -5*m**3 + m**2 - m - 1. What is q(x)?
-39
Let y(q) = 5*q**2 + 2. Let f(v) = 9*v**2 - 14*v - 17. Let s(g) = f(g) - 2*y(g). What is s(-14)?
-21
Let a(u) = -5*u**2 + 2*u - 2. Let f = 38 - 37. What is a(f)?
-5
Let p = 4/1325 + 1277/15900. Let m(x) be the third derivative of 2*x**2 - p*x**4 - 1/6*x**3 + 0 + 0*x. What is m(-3)?
5
Let r(z) be the second derivative of 2*z**3/3 + 2*z**2 + 6*z + 11. Determine r(-2).
-4
Let y(a) = -a + 20. Let u be y(4). Suppose -16 = 5*d + 3*l, 4*l = 4*d - 8*d - u. Let t(f) = -f**3 - f**2 + 4*f + 3. Determine t(d).
-1
Let r = 119 - 124. Let o(w) = w**2 + 3*w - 1. What is o(r)?
9
Suppose 5*d + 4*o - 3*o = -23, -4*d = 4*o + 28. Let z = 1 - d. Suppose -k + 9 = 2*k, -z*k + 15 = -g. Let y(n) = n**3 + n**2 - n - 1. Give y(g).
-1
Suppose -5*x + 2*b + 21 = -15, -x = -5*b - 21. Let s = 11 + -6. Let v(r) = 0 + s*r - r**2 - 2 + 0*r + 4. What is v(x)?
-4
Let r(t) = t**2 + t - 1. Suppose 0*f = 2*f. Suppose f*i + 8 = -2*i. Let m be 0*2/i*1. Give r(m).
-1
Let j(f) be the first derivative of -f - 2. Let w(q) be the first derivative of q**2/2 + 3*q + 1. Let m(r) = -6*j(r) - w(r). Calculate m(2).
1
Let d be 4 + 22 + -8 - 9. Let q(k) = k + 7. What is q(d)?
16
Suppose 24*v = 82 - 10. Let y(i) be the second derivative of -9*i + 0 + 1/12*i**4 + 5/6*i**v - 1/20*i**5 - 2*i**2. What is y(3)?
-7
Suppose 3*s - 4*k = 28, 0 = 4*s - 5*k - 35 - 1. Let u be 1/(4 + (-35)/10). Let z(w) = 3*w + 7 + w**u - 7*w + 1 - 6. Give z(s).
2
Let z(t) = t**2 + 11*t. Let m be 2*(-1)/(-2*(-7)/77). Calculate z(m).
0
Let r(s) = s**2 - 7*s - 5. Let g = 9 - 2. Let h be g - 1*(3 + -3). Determine r(h).
-5
Let i = -1 + 1. Let z(y) = y**3 + 12*y**2 + 11*y + 7. Let d be z(-11). Let f(b) = -10 - d - b + 12 - 11. Determine f(i).
-16
Suppose -5*d - 5 = -5*k, -3*k + 0 = 4*d - 10. Suppose -11*b = d - 1. Let i(o) = o**3 - o**2 + o + 3. Give i(b).
3
Let j(p) = p**2 + 8*p + 7. Let u be ((-12)/15)/(2/(-60)*-4). What is j(u)?
-5
Suppose -5*q + 12 = -8. Suppose w + q*w = 10. Let h(z) = 11*z - 3. Calculate h(w).
19
Let v(b) = b**2 - b. Let q = -12 - -19. Let a(d) = 10*d**2 - 5 + q - 3*d**2 + 0 - 3*d. Let l(y) = a(y) - 6*v(y). What is l(-3)?
2
Let o be 6/4 + 27/18. Let n(a) = a - 9. Calculate n(o).
-6
Suppose 5*f - f = 8. Let q(g) = -g**2 + g + 4. Let n(p) = 6*p**2 - 4*p - 20. Let c(z) = f*n(z) + 11*q(z). Let k = -118 + 115. Determine c(k).
4
Let i(a) = 7*a**2 - 5*a + 2. Let j(h) = -20*h**2 + 14*h - 5. Let l(y) = 17*i(y) + 6*j(y). What is l(0)?
4
Let j(c) = 41*c + 34*c - 5 - 72*c + 1. What is j(7)?
17
Let n(u) = -3*u**2 + 32*u + 15. Let l be n(11). Let c(a) = -a**2 - 3*a - 12. Let b(y) = -y**2 - 2*y - 11. Let p(j) = 6*b(j) - 5*c(j). Determine p(l).
-10
Suppose -j - 12 = -4*j. Let i(y) = y**3 - 5*y**2 + 5*y - 1. Let b be i(j). Let z(a) = -9*a**2 - b*a**2 + 4 + 11*a**2. What is z(-3)?
-5
Let v(b) = 3 - 3*b + b + 8*b**2 - 8*b**2 - 2*b**2. Let f(s) = s**3 + 0*s - s - 22*s**2 + 24*s**2. Let w be f(1). Calculate v(w).
-9
Let q be 6/4*(24 + -22). Suppose q*m = -4*k - 20, 5*k + 0*m - 6 = 4*m. Let p(z) = 0*z + 7*z - 3*z + 2. Give p(k).
-6
Let r = 669 + -662. Let h(w) = 2*w - 6. Determine h(r).
8
Let o(p) = p**2 + 8*p. Let a(h) = h**3 + 7*h**2 + 5*h - 6. Let u be a(-6). Let g = 3 + u. Suppose 0 = 4*l + g*r + 33, 2*r - 18 - 6 = 5*l. Calculate o(l).
-12
Let y(d) = d**2 - 2*d + 2. Suppose 0 = 5*k + 3*z - 0*z + 9, 2*z = -6. Let s(u) = u + 3. Let l be s(-3). Suppose l = -k*r - 6*r + 12. Give y(r).
2
Let h(v) = -v**3 - 11*v**2 + 7*v - 7. Let m(l) = l**2 - l. Let i(r) = h(r) + 6*m(r). Determine i(-5).
-12
Suppose -4*q + q + 94 = s, s - 82 = q. Let o(b) = -4*b**2 + s*b + 4*b**3 - 82*b - 2*b**3 - b**3. What is o(3)?
0
Let o(y) = y**3 + y**2 + y - 1. Let w(a) = -8*a**3 - 6*a**2 - 6*a + 7. Let f(r) = -6*o(r) - w(r). Give f(-1).
-3
Let r(f) = -3 - 3*f - 1466*f**2 + 1467*f**2 + 6*f. Determine r(-4).
1
Let n(v) = -3*v**2 - v - 1. Suppose 12*y + 19 + 5 = 0. Give n(y).
-11
Let u(h) = 9*h - 2 - 13*h - h - 1. Determine u(3).
-18
Let m(j) = j**3 + 4*j**2 - 12*j - 3. Let b b